{"id":23,"date":"2024-04-09T09:44:05","date_gmt":"2024-04-09T09:44:05","guid":{"rendered":"https:\/\/pitaxi.hu\/shop1\/?page_id=23"},"modified":"2024-04-09T09:44:05","modified_gmt":"2024-04-09T09:44:05","slug":"felhasznalasi-feltetelek","status":"publish","type":"page","link":"https:\/\/pitaxi.hu\/shop1\/felhasznalasi-feltetelek\/","title":{"rendered":"Felhaszn\u00e1l\u00e1si felt\u00e9telek"},"content":{"rendered":"","protected":false},"excerpt":{"rendered":"","protected":false},"author":1,"featured_media":0,"parent":0,"menu_order":0,"comment_status":"closed","ping_status":"closed","template":"","meta":{"neve_meta_sidebar":"","neve_meta_container":"","neve_meta_enable_content_width":"","neve_meta_content_width":0,"neve_meta_title_alignment":"","neve_meta_author_avatar":"","neve_post_elements_order":"","neve_meta_disable_header":"","neve_meta_disable_footer":"","neve_meta_disable_title":"","_ti_tpc_template_sync":false,"_ti_tpc_template_id":"","footnotes":""},"_links":{"self":[{"href":"https:\/\/pitaxi.hu\/shop1\/wp-json\/wp\/v2\/pages\/23"}],"collection":[{"href":"https:\/\/pitaxi.hu\/shop1\/wp-json\/wp\/v2\/pages"}],"about":[{"href":"https:\/\/pitaxi.hu\/shop1\/wp-json\/wp\/v2\/types\/page"}],"author":[{"embeddable":true,"href":"https:\/\/pitaxi.hu\/shop1\/wp-json\/wp\/v2\/users\/1"}],"replies":[{"embeddable":true,"href":"https:\/\/pitaxi.hu\/shop1\/wp-json\/wp\/v2\/comments?post=23"}],"version-history":[{"count":1,"href":"https:\/\/pitaxi.hu\/shop1\/wp-json\/wp\/v2\/pages\/23\/revisions"}],"predecessor-version":[{"id":24,"href":"https:\/\/pitaxi.hu\/shop1\/wp-json\/wp\/v2\/pages\/23\/revisions\/24"}],"wp:attachment":[{"href":"https:\/\/pitaxi.hu\/shop1\/wp-json\/wp\/v2\/media?parent=23"}],"curies":[{"name":"wp","href":"https:\/\/api.w.org\/{rel}","templated":true}]}}